-15))/(b/3 + 1)?
7
Let v(i) = 16*i**2 - 6. What are the prime factors of v(-3)?
2, 3, 23
List the prime factors of (-12687)/(-18) + 7/(-84)*-2.
3, 5, 47
Let s(t) = -t**2 - 8*t + 4. Let q be s(-8). Suppose -4*i = 2*d + 36, 7*i - 3*i = -q*d - 32. Let y = i + 49. List the prime factors of y.
3, 13
Suppose -47 = -4*d - 5*v, 6*v - v = -d + 23. Suppose -3*i - 625 = -d*i. Let w = i - 67. What are the prime factors of w?
2, 29
Suppose -6 = -3*u - 0*u. Suppose -4 = -4*h + u*h. Suppose h*o = -4*l + 86 + 38, 78 = 2*l - 3*o. What are the prime factors of l?
3, 11
Let t(y) = 10*y + 13. Let q(x) = -1. Let u(b) = 3*q(b) - t(b). What are the prime factors of u(-6)?
2, 11
Suppose 481 = r + 3*l, -1443 = 5*r - 8*r - l. What are the prime factors of r?
13, 37
Suppose -2 = -r, 21*r + 4823 = 5*c + 20*r. List the prime factors of c.
5, 193
Let k = -5 + 8. Suppose -7*p = -3*p + 3*d - 300, -3*p = 2*d - 224. Suppose 0 = -m + k*b + 18, 4*m + 2*b - p = -b. What are the prime factors of m?
2, 3
Let j(x) be the second derivative of -13*x**3/6 - 19*x**2 - 37*x. What are the prime factors of j(-10)?
2, 23
Let b(p) = p**2 - p + 1. Let u(d) be the first derivative of d**4/4 - 5*d**3/3 + 3*d**2 - 2*d - 4. Let t(x) = -4*b(x) + u(x). List the prime factors of t(8).
2, 5
Let s(o) = o**3 + 14*o**2 - 14*o + 15. Let c be s(-15). Suppose c = -5*a + 76 + 74. What are the prime factors of a?
2, 3, 5
Let u be -7 - 2 - (-10 + 6). Let q(z) = -70*z**2 - z - 4. Let x(l) = -47*l**2 - l - 3. Let h(b) = u*q(b) + 7*x(b). List the prime factors of h(-1).
2, 11
Suppose -732 = -4*g - 4*z, 2*g = z + 491 - 125. Let b = g + -87. List the prime factors of b.
2, 3
Let c = 14 - -6. Let f be ((-15)/(-6) + -3)*c. What are the prime factors of f/15*(-243)/6?
3
Let f(b) = -b**3 + 6*b**2 - 8*b + 8. Let l be f(5). Let g be 2/l + 936/42. Suppose 4*w - g = 2*w. List the prime factors of w.
11
Suppose 0*u = 61*u - 319762. List the prime factors of u.
2, 2621
Suppose -4*s = -5*s + 165. What are the prime factors of 48/(-40)*s/(-9)?
2, 11
Let p be (-69 - 1)*1/(-2). Let i be 6/5 + (-92)/(-115). Suppose 5*n - 17 = -q, -5*n + i*q = -3*q - p. List the prime factors of n.
2
Let r(u) = 6*u**2 - 2*u. Let c(d) = -22*d**2 + 9*d**2 + 1 + 8*d**2 + 2*d. Let h(z) = -5*c(z) - 4*r(z). List the prime factors of h(6).
19
Let g(u) = -2*u - 8 + 20 + 9. Let l(k) = -1. Let x(d) = g(d) - 6*l(d). List the prime factors of x(0).
3
Let d(l) = -101*l - 4. Let h(c) = -50*c - 2. Let k = -2 + 4. Let g(v) = k*d(v) - 5*h(v). What are the prime factors of g(1)?
2, 5
What are the prime factors of (-8)/2 + 40/12*66?
2, 3
Suppose 0 = 4*f + 16, 0*f = -5*u + 2*f + 28. Suppose -x = 3*n - 3 - 1, 2*x - u*n = -12. Let w(i) = 10*i**2 + i - 2. What are the prime factors of w(x)?
2, 3
Suppose -2*n + 5 = -1. Suppose f = n*f - 94. Let w = f - 34. What are the prime factors of w?
13
Suppose 10*k = 4*k + 6. Let n(q) = 140*q + 1. Let h be n(k). Suppose 0 = -b - 2*b + h. What are the prime factors of b?
47
Suppose 4*f = 5*y, -y = -f - 3*f. Let m(h) be the first derivative of h**4/4 + h**2 + 36*h + 1. List the prime factors of m(y).
2, 3
Suppose -6*k = -10567 - 7235. What are the prime factors of k?
3, 23, 43
Suppose -2*b - 3*f + 1350 = 3*b, -b = -4*f - 293. Suppose 5*i - 4*n - 57 = b, 4*i = 4*n + 268. List the prime factors of i.
2, 31
Suppose 2*n + 5*m + 3 + 8 = 0, 2*n = -m + 1. List the prime factors of -27*(-4 + 1 + n).
3
What are the prime factors of (-141750)/140*2*(-2)/3?
2, 3, 5
Let t be ((-2)/6)/((-1)/45*3). Suppose -i = -4*m - 114, t*i - m = -3*m + 460. List the prime factors of i.
2, 47
Let b = 17 + -18. What are the prime factors of 45 - b - 4 - -2?
2, 11
Suppose 0 = 5*s - 4*z - 14379, -4*z - 878 + 3773 = s. What are the prime factors of s?
2879
Let f(r) = 7*r**2 + r. Let g be 1/4 + 9/12. Let c be f(g). What are the prime factors of c + -6 - (-8)/2?
2, 3
Suppose -15516 = 6*k - 15*k. What are the prime factors of k?
2, 431
Let d be (-3 + -3)*6/9. What are the prime factors of (-1938)/(-78) + d/(-26)?
5
Suppose g = -f + 2161, 7*f - 4*g = 2*f + 10760. What are the prime factors of f?
2, 7, 11
Let k = -4 + 5. Let g = 4 + k. Suppose -g*s = 3*w + 2*w - 165, 4*s - 96 = 5*w. List the prime factors of s.
29
Let i(m) = m + 2. Let n be i(0). Suppose -2*a - n = -3*p, -4*a + 9 = p - 1. Suppose 0 = 2*w + a*w - 80. What are the prime factors of w?
2, 5
What are the prime factors of ((-11268)/(-24))/(15/20)?
2, 313
Suppose -10 + 2 = -4*t. Suppose -4*h + 2*r + 26 = 0, -t = h - 4*h + 5*r. List the prime factors of h.
3
Suppose -3*l = -1984 - 1625. List the prime factors of l.
3, 401
Suppose 2*y - 4 - 2 = 0. Suppose -2*i = y*i + 200. List the prime factors of (-45)/20*i/3.
2, 3, 5
Let h(g) = -2*g + 37. Let y be h(17). Let o = 0 - 0. Suppose k = -3*v + 44, -y*v - 3*k + 42 = -o*v. List the prime factors of v.
3, 5
Let k(o) = 19*o - 4. Let g(q) = -18*q + 5. Let v(p) = -6*g(p) - 7*k(p). List the prime factors of v(-3).
73
Let a(z) = z**3 + 9*z**2 - 6*z - 9. List the prime factors of a(-4).
5, 19
Suppose v - 50 = r - 4*r, -5*v = 5*r - 300. Let h = 218 - v. List the prime factors of h.
3, 17
Suppose 5*i + 3*w = 229, -4*i + 182 = -2*w + 4*w. Suppose -11 = k - o - i, 0 = -2*o. Let h = -20 + k. What are the prime factors of h?
13
Let n = -35 + 20. Let z = -3 - n. Let k(i) = 2*i - 15. What are the prime factors of k(z)?
3
Let j = -10 + 14. Suppose 5*s - 275 = -3*q - q, -3*q - j*s = -207. Suppose -47 = -4*b + q. What are the prime factors of b?
2, 7
Let j(q) = 734*q + 22. Let n be j(2). Suppose 4*p = -p + n. List the prime factors of p.
2, 149
Let h be (-20)/(-6)*78/65. Suppose -h*j + k = -123, 2*j + 3*k - 57 = 2*k. What are the prime factors of j?
2, 3, 5
Let i(o) = -o**3 - 5*o**2 + 4*o - 7. Let t be i(-6). Suppose t*k = -2*u + 17, -5*u + 14 = 2*k - 60. What are the prime factors of u?
2
Suppose -345 = -k + 5*z, -5*z + z - 12 = 0. List the prime factors of k.
2, 3, 5, 11
Suppose -7*o - 294 = -35. Let u = o - -119. What are the prime factors of u?
2, 41
Suppose 0*l - 4*l = o - 273, -3*o = 2*l - 139. Let m = -25 + l. What are the prime factors of m?
43
Let u = -30 + 32. Suppose u*h - 3*h = -7. List the prime factors of h.
7
Let i(v) = -v + 5. Let c be (6/4)/((-9)/(-30)). Let u be i(c). Suppose n + k - 33 = u, 0 = -2*n + 5*k + 32 - 1. List the prime factors of n.
2, 7
Suppose 0 = -5*h - 5*q + 30, -3*h - 3*q = -2*h - 14. What are the prime factors of h/14 - (-1259)/7?
2, 3, 5
Let l be 16 - (-6 + 1 + 1). Let p = l - 20. Suppose -5*u - 3*t + 188 = p, -5*u = -t - 3*t - 216. What are the prime factors of u?
2, 5
Let x = 298 - 196. List the prime factors of x.
2, 3, 17
Suppose -v - 3 = 0, -4*q - v + 3552 = -305. List the prime factors of q.
5, 193
List the prime factors of (-6)/(-2) + 1566*64/24.
3, 7, 199
What are the prime factors of ((-55)/3)/(30/(-4320))?
2, 3, 5, 11
Let w be 2 + 3/((-3)/2). Suppose w = -4*z - z - 35. Let g(a) = -6*a - 15. What are the prime factors of g(z)?
3
Suppose -54*n + 47*n = -7882. List the prime factors of n.
2, 563
Let k(f) = f**3 + 11*f**2 + 5*f + 14. Let x be k(-10). Let s = 95 - x. What are the prime factors of s?
31
Let q(n) = 4*n**2 - 9*n - 3. Let k be q(3). Suppose 0 = -k*z + 32 + 136. List the prime factors of z.
2, 7
Suppose 28*p = 41*p - 10101. List the prime factors of p.
3, 7, 37
Suppose -2*w + 12*w - 1070 = 0. Let k = w - -5. List the prime factors of k.
2, 7
Suppose 85*w + 1020 = 68*w. Let p = -194 + 105. Let r = w - p. What are the prime factors of r?
29
Let i = -101 + 1608. List the prime factors of i.
11, 137
Suppose 0 = -3*b - 3*w + 420, 0 = -9*w + 4*w + 20. List the prime factors of b.
2, 17
Let h(l) = -l - 30. Let o(k) = -2*k - 31. Let p(b) = -3*h(b) + 2*o(b). What are the prime factors of p(12)?
2
Suppose -5*y + 2*k + 68 = 0, -3 - 1 = -4*k. Suppose 8 - y = -3*z. Suppose -4*u = -z*u - 36. List the prime factors of u.
2, 3
Let n = -4 + -50. Let i be 12/n - 2261/(-9). List the prime factors of 12/66 - i/(-11).
23
Suppose 2*b - 338 - 62 = 0. Suppose 52*j - b = 48*j. What are the prime factors of j?
2, 5
Let h = 363 + -106. Let v = h + -140. List the prime factors of v.
3, 13
Suppose 36 - 12 = 12*p. Suppose p*w + 584 = 4*j - 0*w, 4*w - 460 = -3*j. List the prime factors of j.
2, 37
Let i(j) = 265*j**3 + j. Let x be i(-1). Let l = x + 453. W